nder when i is divided by 8.
6
Suppose 8*a - 1004 = 1908. Let c = a - 271. Calculate the remainder when c is divided by 24.
21
Let u(q) = -q**3 - 5. Calculate the remainder when u(-4) is divided by (28 + -32)/((-24)/90).
14
Let n be (-3)/((-45)/12 + 3). Suppose n*g - 36 - 32 = 0. Let y = -11919 + 11928. Calculate the remainder when g is divided by y.
8
Let s = 6058 - 6004. Calculate the remainder when 1688 is divided by s.
14
Let y = -92 + 96. Suppose -3*i - 94 = 2*t - 802, i - y*t = 250. What is the remainder when 90 is divided by i/10 + 56/(-70)?
21
What is the remainder when 4106 is divided by (12/(-14))/(285/(-8645))?
24
Suppose 164 = 2*m - 16. Suppose 48*l - 14797 = 189203. What is the remainder when (-4)/18 + l/m is divided by 12?
11
Calculate the remainder when 5038 is divided by -11 - 145*15/(-75).
16
Let t(y) = -y**3 + 17*y**2 + 49*y + 231. Calculate the remainder when 373 is divided by t(20).
10
Let n(y) = 57*y + 118. What is the remainder when n(10) is divided by 196?
100
Let l = 13778 + -11759. Calculate the remainder when l is divided by 23.
18
Suppose 777 = -17*c + 54*c. Calculate the remainder when c is divided by 7.
0
Let z = -29 + 31. Let p(u) = -u**3 + 8*u**2 - 6*u - 1. Let f(j) = 3*j + 1. Let h be f(2). What is the remainder when p(h) is divided by z?
0
Suppose -18*y + 5432 + 11740 = 0. What is the remainder when y is divided by 310?
24
Let y = -502 - -512. Suppose 25*m - 150 = y*m. What is the remainder when 86 is divided by m?
6
Let x(a) = -5*a**3 - 28*a**2 + 7*a - 17. What is the remainder when 319 is divided by x(-6)?
7
Let b = 2792 + -2445. What is the remainder when b is divided by (150/(-12))/((-2)/4)?
22
Suppose 34*x + 4320 = 64*x. Calculate the remainder when x is divided by 78.
66
Let u(g) = -5*g**2 + g - 1. Let m be -5 + (-12 + 5)*8/(-14). Let j be u(m). Calculate the remainder when 29 is divided by (0 + 1)/(j/(-84)) - -3.
14
Let v = 46 + -43. Suppose 6*q - t = 5*q + 29, -4*t + 101 = v*q. What is the remainder when 59 is divided by q?
28
Suppose -2*g = 4*f + 1190, 3*f = 29*g - 33*g - 880. Let t = f - -326. Let n(q) = q**3 - 6*q**2 - 7*q + 9. Calculate the remainder when t is divided by n(7).
8
Let t = 21610 + -18548. Calculate the remainder when t is divided by 1019.
5
Suppose -13 = 3*i - 142. Suppose 97*j = 92*j - 810. Let w = 177 + j. What is the remainder when i is divided by w?
13
Let i = -46 + 324. Let q(n) = -8*n - 28. Let t be q(-14). Let s = i - t. Calculate the remainder when s is divided by 14.
12
Let w(n) = 20*n**2 - 14*n + 34. What is the remainder when w(3) is divided by 13?
3
Suppose 4*d - 13 = 7. Suppose -5*a + 0*a - 650 = -d*h, -4*h + a + 526 = 0. Calculate the remainder when h is divided by 39.
15
Let o = -317 - -929. Calculate the remainder when o is divided by 159.
135
What is the remainder when 1229 is divided by (-200)/(-60)*(-36)/(-15)?
5
Calculate the remainder when (21 - (0 + 1)) + -1 is divided by ((-1)/((-2)/12))/(12 - 200/20).
1
What is the remainder when 62062/264 + 26 - 1/12 is divided by 56?
37
Let d be (-18)/(-12)*2/1. Suppose b + d*h + 13 = 0, -15 = -4*b - b + 5*h. What is the remainder when 23 is divided by 1/(-1 - 0) - 7/b?
5
Let r = 0 - 3. What is the remainder when (-73)/(3 + r + -1) is divided by 25/4*(-1596)/(-665)?
13
Suppose 2*i - 297 = -5*o, -3*o - 8*i = -5*i - 180. Let c = o + -35. What is the remainder when 88 is divided by c?
16
Let o(r) = -15*r + 251. What is the remainder when o(-24) is divided by 3?
2
Let t(o) = 32*o**3 - 11*o**2 - 18*o + 185. What is the remainder when t(10) is divided by 101?
100
Suppose 48 = 13*d + 321. Let k = d + 23. Calculate the remainder when k is divided by 1.
0
Suppose -5*k = g - 53 - 712, 15 = 3*g. What is the remainder when 170 is divided by k?
18
Let c(l) = 6*l**3 + l - 1. Let m be c(1). Suppose i - 15 = m. Let n(s) = -77*s - 373. Calculate the remainder when i is divided by n(-5).
9
Suppose 4*k - 2*t + 4*t = 486, 4*k - 481 = -t. Suppose -373*p + 2*a + 74 = -369*p, 94 = 5*p - 2*a. Calculate the remainder when k is divided by p.
19
Suppose 2*i - 1219 = -21*i. Let o = -23 + i. Calculate the remainder when 56 is divided by o.
26
Suppose -5*w - 7 - 98 = 0. Let r be 18/63 + 258/w. Let j(u) = -u**3 - 13*u**2 - 10*u + 26. Calculate the remainder when j(r) is divided by 1.
0
Suppose 4*d - 167 = -n, -6*d - 74 - 63 = -n. What is the remainder when n is divided by 11?
1
Let u = -7078 + 7277. What is the remainder when u is divided by 28?
3
Suppose 1030 = 49*k - 44*k + 5*q, 2*k = -5*q + 406. Calculate the remainder when k is divided by 20.
8
Suppose 368 = 5*v - 4*f, 0 = -79*f + 76*f + 9. Suppose 0 = -6*h + 2*h - 2*l + 32, 22 = h + 4*l. What is the remainder when v is divided by h?
4
What is the remainder when 412 + 2 - (2 - -2) is divided by 10 + (15 - -6) - 9?
14
Suppose -75 = -17*x + 265. Calculate the remainder when 559 is divided by x.
19
Let g(s) = s**3 + 10*s**2 - 6. Let j be g(-10). Let k be (j/9)/(3/(-60*3)). Suppose -4*f + 12 = -k. What is the remainder when 87 is divided by f?
9
Suppose -47*d + 80*d + 66 = 0. Let m(h) = 60*h**2 - 12*h + 8. Calculate the remainder when m(d) is divided by 7.
6
Suppose 5*u + 4*c - 34 - 15 = 0, -4*c = u - 13. Suppose s - u*b = -4*b - 9, 5*b = -s + 11. What is the remainder when 24 is divided by s?
0
Suppose -8 = 4*i + 8. Let w = i - -26. Suppose -s + k + 2 = 4*k, -5*s - 3*k + w = 0. Calculate the remainder when s is divided by 3.
2
Let q(h) = -h**3 - 32*h**2 - 63*h - 40. Let u be q(-30). Suppose u = k - 356. Calculate the remainder when k is divided by 34.
32
Suppose 4*o = v + 886, -4*o - 9*v = -415 - 411. Let r = 10 + 6. Calculate the remainder when o is divided by r.
12
Let h(v) = v**3 - 18*v**2 - 95*v - 366. What is the remainder when h(26) is divided by 83?
82
Let f be -1 + (0 - -3) - -2. Suppose -30 = -4*y + f*v + 22, 4*v = -2*y + 2. Let p(r) = -r**2 - 16*r + 50. What is the remainder when p(-18) is divided by y?
5
Let g be 24/(-32) + (-15)/(-4). What is the remainder when 13 is divided by -7*g*(-4)/12?
6
Suppose q + 2*f - 93 = 0, 7*q + 14*f = 9*f + 714. What is the remainder when 502 is divided by q?
74
What is the remainder when (-363)/55 + 7 + (2469/(-5))/(-3) is divided by 5?
0
Let k(n) = -61*n + 3584. Calculate the remainder when k(51) is divided by 54.
41
What is the remainder when (-30843)/(-57) - (7/((-1064)/(-16)) - 0) is divided by 39?
34
Let r be 18/(-1 - -4) - (-5526)/(-9). Let p = r - -611. Calculate the remainder when (-10)/(1*(2 - 3)) is divided by p.
1
Suppose 0 = -4*b - 3*h + 24, -3*b - h + 9 + 4 = 0. Suppose 5*d = -b*s + 642, 0 = -3*s + 6*s - 5*d - 672. What is the remainder when s is divided by 53?
7
Let d(t) = 8*t**2 + 8*t - 4. Let c be d(-11). Suppose -c = -17*p - 213. Calculate the remainder when 111 is divided by p.
33
Calculate the remainder when (2*-86)/(-2) + 55/(6 - 17) is divided by ((-3)/9)/((-4)/264).
15
Let c(g) = 6*g**2 + 2*g - 3. Let o = 53 + -299. Let j = -199 - o. What is the remainder when j is divided by c(2)?
22
What is the remainder when 10392 is divided by (-1*(-180)/54 - 6)*30/(-4)?
12
Suppose 3*f = -5*u - 0*f + 47, 0 = -4*f - 4. Let s(b) = 10*b**2 + 101*b + 18. Calculate the remainder when s(-11) is divided by u.
7
Let p be ((-5)/(-25))/(3/15). What is the remainder when 56 is divided by p - ((-2)/11 - (-918)/(-33))?
27
Let b(k) = -52*k + 2496. Calculate the remainder when b(47) is divided by (-9)/6*(-114)/9.
14
Let p be ((-110)/(-4))/(24/(-48)). Suppose -7*s = -705 + 208. Let d = s + p. Calculate the remainder when d is divided by 9.
7
Let f(r) = 6*r**2 - 94*r + 397. Calculate the remainder when f(25) is divided by 20.
17
Suppose 0 = -5*u + 62 + 533. Let l = -213 + 253. Calculate the remainder when u is divided by l.
39
Calculate the remainder when 304 is divided by (8 + -3)/(15/42 + 0).
10
Suppose 2*d - 4*d = 94. Let b = -33 - d. Suppose -3*w = -4*j + 164, w + 77 + 46 = 3*j. What is the remainder when j is divided by b?
13
Let j(p) = -p**3 + 6*p**2 + 4*p + 4. Let z(u) = -10*u + 2*u**3 - 18*u**2 + 23 - 3*u**3 + 2*u**3. What is the remainder when z(19) is divided by j(5)?
47
Let r = 88 - 69. Let f = r + 31. Calculate the remainder when f is divided by 11.
6
Let q be 2 - (-2)/(2/11). Suppose 0 = -3*u, 3*o - u - 11 = q. Suppose 0 = -535*x + 13580 + 1935. Calcula